310 - -333 - (-2 + 39)).
-48
Calculate (3 - 5) + (6 - (-15 - (-12 + 3))).
10
Evaluate (-147 - -134) + (-2 - (-6 + 3)) - (8 + 68).
-88
What is 2 + 1 + 0 - (162 - 46 - 79)?
-34
Evaluate 0 + -3 + -4 - (-117 + -8 + 49).
69
Evaluate 5 + (-21 - (-53 - -29) - -56).
64
What is -47 - (-95 + 78 - -12)?
-42
Evaluate -17 + -3 + (31 - -29).
40
Calculate 18 + (84 - (44 + -61)).
119
8 + (-74 - ((11 - -2) + (-9 - (0 + -7))))
-77
What is (21 + 2 - 17 - (-6 + 6)) + 10?
16
What is the value of -2531 + 2586 + -60 + 1?
-4
(12 + -40 - (-93 + -25)) + -11
79
What is the value of 16 - (-2 + -96 - ((84 - 24) + -55))?
119
What is the value of -3 + 8 + 0 + (4 - 9 - -4) - 0?
4
-7 - 20 - -26 - -11 - 5
5
Evaluate (8225 - 8276) + 0 + -48.
-99
What is the value of 68 - -8 - (11 + 9 - ((2 - 6) + 14))?
66
What is the value of (-4 - -51) + (-52 - -50 - (20 + -16))?
41
Calculate (-1 - -2) + (-17 + -4 - (63 + -73) - -8).
-2
Calculate -52 - (-17 + 49 + (16 - 35) + 4).
-69
Evaluate 8 + 1 - (-64 - -73) - (55 + -73).
18
What is the value of 19 + -14 + 19 + 1 + (-10 - (-11 - -4))?
22
Evaluate -87 + -112 + 202 + 2 + 0 + -13.
-8
-90 + 93 - (5 + 2) - ((-1 - -15) + 2)
-20
Calculate -1 + -8 + (-42 - (-41 + 19)) + 11.
-18
What is (27 - (19 + 19)) + (67 - 7 - 1)?
48
Calculate (9 - 1) + 18 + -1 + -9 + 2.
18
What is (2 + -47 - -2) + (12 - (26 - 3)) + 14?
-40
-135 + (85 - (111 + -140))
-21
Evaluate (-26 - 7) + -18 + 32 + 2 - -23.
6
What is the value of (-33 - 1 - (328 - 340) - -123) + 9?
110
Calculate -85 + -40 + (-25 - (-81 + 39)).
-108
What is the value of (-13 - -6) + 8 + -10 + 16 + -15?
-8
Calculate -101 - -1 - (-5417 - -5367).
-50
13 - (-2 + 4 + -14 - (-16 - -5 - -1))
15
(21 + -9 - 6 - (11 + 1)) + -20 + -52
-78
What is 257 + -127 + -21 + -7?
102
What is the value of 12 + -53 + 21 + 99 - 29?
50
What is the value of (0 - 4) + (-5 + 4 + 18 + -61 - 10)?
-58
What is the value of (4 - 0) + 1 + (25 + 8 + -54 - -54)?
38
What is the value of -319 + 331 - (37 + 1)?
-26
Calculate (2 - 18) + (3 - (-16 + 12)) + 8.
-1
(-16 - -77 - -6) + -16 - (-11 + 31)
31
What is (69 - (-12 + 45)) + -37?
-1
What is (-119 + 141 - (40 + -2 + -2)) + 129?
115
What is -20 + 16 + 12 + -24 + -14?
-30
What is 15 - (-7 + (-20 - -2 - -19)) - 52?
-31
Evaluate (-76 + -18 + 121 - (0 - 4)) + (0 - -5).
36
Evaluate (-285 - -396) + (4 - (-12 - 1)) + 1 + -6.
123
What is 94 + (-168 - -57) - (23 - 1)?
-39
Calculate -24 + (-108 - -136) + 51.
55
What is 15 - (10 + 8 + 46) - -12?
-37
Evaluate -44 - (3 - (13 + 15) - -2).
-21
-37 + (98 - 18) + -25
18
Calculate (-564 - -580) + (-17 - (-6 - 2)).
7
-345 - -373 - (-2 + 28 - -5)
-3
What is (-12 + 16 - 9) + (-5 - 3) - (45 - -49)?
-107
(68 - 42) + -11 - 36
-21
Evaluate -17 - (-333 - -339 - (-2 + 6 - -5)).
-14
-24 + 2 + (-19 + 27 - (8 + 1))
-23
1 + -5 + -36 - -6 - (5 + -24 + 9)
-24
What is -38 + (61 + (46 - 79) - 46)?
-56
What is 1526 - 1598 - (0 - 62)?
-10
What is the value of 2 - 3 - (90 + -130) - (-38 - -54)?
23
Evaluate -2 - 33 - -129 - 77.
17
What is -163 + 71 + 63 - 68?
-97
What is 107 + (-164 - -33 - -107)?
83
What is -23 - (-106 - -117) - 67?
-101
Calculate -25 + 59 + -16 + -134.
-116
What is (-47 + 1 - -123) + -150?
-73
What is the value of 11 - (16 + 4) - (7 + -20)?
4
(16 - -3) + (15 - (-2 + -7 + 28))
15
Calculate 0 + -29 + -2984 + 3006.
-7
-13 - (0 + -2 - 53 - -10)
32
Evaluate -2 - -20 - (143 + -30) - (-2 - (-4 + -12)).
-109
Evaluate 2 + -1 + (-10 - 2) + (-151 - -153) + 63.
54
(1 - -23) + 46 + -10 + -36
24
Evaluate -86 + 98 + 5 + (4 + 37 - 3).
55
What is (-2 - (-9 - -4 - 1)) + (-8 - (5 + -6))?
-3
What is the value of (-120 - (101 + -263)) + (0 - 0)?
42
116 + -122 - (-23 + 10)
7
Calculate 5 + (4 - 5) - 11 - (-5 + (-45 - 5)).
48
18 - (62 - 26 - -53)
-71
What is -36 + (-4 - 27) + 36?
-31
Evaluate -5 + 4 + (-10 - -15) + -3 + 3.
4
What is the value of (4 + -1 - 0) + -7 - (-7 + 56 + 1)?
-54
What is -17 + -5 + 20 - -5 - (10 - 18)?
11
-19 - (-8 - (-4 + -8)) - -4
-19
0 + 2 - 48 - (58 + (80 - 120))
-64
Evaluate (-49 - -40) + (-34 - (2 + 1) - -5).
-41
-229 - (-90 - -68 - 107)
-100
What is the value of (40 - -53) + (3 - 116)?
-20
What is 17 + (14 - (-20 - 45))?
96
Evaluate -465 + 427 + -16 + -1.
-55
(2 - -12) + -45 + 10 + (-5 - -1)
-25
Calculate 20 - (11 + -1 + 11).
-1
(-89 - (-112 + 54)) + -58
-89
What is 23 - (5 + 62 - 102)?
58
What is the value of 2 - 11 - (-2024 - -2069)?
-54
0 + 49 - (-1803 + 1849) - (1 + 19)
-17
What is (-35 - (-253 - -219) - (2 - (0 - -1))) + 116?
114
-28 + (-68 - (70 - 126))
-40
What is the value of -18 - (3 - 9 - -28)?
-40
What is the value of 36 + (4 + -8 - (5 - -7 - 9))?
29
Calculate -35 + -24 + 119 + -3 + 0 + 12.
69
Evaluate 50 + -47 + -19 + 67.
51
What is 46 + (-17 - ((-8 - -1) + 11))?
25
What is -89 + -5 + 7 + (-123 - -131)?
-79
What is the value of 14 + (11 - (-9 + (-6 - -20) + -5)) - 6?
19
Evaluate -7 - (1 + 4) - -2 - (-17 - -35).
-28
Evaluate 0 + 7 + 168 + -185 + 17 + 1 + 7.
15
What is (200 - 96 - 91) + -2 + (-16 - -1)?
-4
Evaluate (-10 - -3) + -31 + 18 - -6.
-14
Evaluate -5 + -23 + 120 + (-9 - (3 - 6)).
86
What is (2 - (-28 + 38 - -6)) + 30?
16
Evaluate (-32 - -173) + -38 - -29 - (-2 + 1 - 10).
143
What is the value of 51 + (-136 + 4 - -44)?
-37
What is -22 - (-34 - -11) - -8?
9
Evaluate 1 - 2 - (68 - (22 - (-9 - -10))).
-48
Calculate (-19 - 5) + (16 - (-21 - -20)) + 17.
10
Calculate (3 - (10 + 0)) + 20 + 24 + -12.
25
What is -38 - ((4 - (12 + -5)) + 2 + 0)?
-37
Calculate (-102 - -39) + 80 - 22.
-5
Calculate (-4 - (2 - -10) - -20) + 14.
18
Calculate ((0 - -77) + 2 - 1 - (-21759 + 21771)) + -2.
64
Calculate -5 - (((-82 - -6 - 5) + 6 - -6) + 10).
54
What is the value of -21 - (20 - (-9 + 47)) - 19?
-22
What is (-20 - -26) + 37 - 63?
-20
What is the value of -10 + (-5 - -12) + -1 + (8 - 8)?
-4
Calculate (140 - -3 - -23) + -83.
83
Calculate (31 - (-47 + 67)) + -32.
-21
Evaluate 73 - (17 - (61 - 45)).
72
Calculate (109 - 224 - -135) + 78.
98
What is (-4 - ((4 - 14) + -1) - 11) + (-21 - 7)?
-32
-39 - ((-35 - -20) + 28)
-52
19 - ((-1 - 3) + 16 - 2) - (-2 + -10)
21
What is the value of -81 + 121 + 3 + -54?
-11
11 + (-20 - (18 - 28)) + 12
13
What is -5 + 0 + -42 + 52 + 21?
26
What is -20 - (-129 - (-33 + -17 + 30))?
89
(9 - (0 - (1 + -1))) + (80 - -17) + -80
26
What is -44 + 30 + -11 + (2 - (11 + 74))?
-108
What is the value of -12 - ((6 - 0 - 7) + -7 - -9)?
-13
What is the value of -1709 + 1539 + (107 - 2)?
-65
5 + -18 + (-92 - 1) + (70 - (107 - 43))
-100
Calculate -13 + 48 + -6 + (-42 - -83).
70
(-3 - -6) + -47 + -4034 + 4044
-34
What is the value of -45 - (-126 + (-55 - -98))?
38
What is (-20 - (11 - 19 - 10)) + -1?
-3
10 + (0 - (-10 - (12 + -28))) + (12 - 2)
14
Evaluate 503 + -279 + -225 - (0 - (2 - (2 + -1))).
0
Evaluate -12 + 1 - (-4 - (125 + (-21 - -19) - 5)).
111
What is 4 + 28 - ((-14 - -1 - (-68 - -62)) + 3)?
36
Calculate 29 + (-8 + 0 + -36 - -23) - (-76 - 1).
85
Evaluate -151 + 150 + -5 + 84 + 0.
78
Evaluate -18 + (82 - 56) + (3 - -7).
18
-17 + -1 - (-140 + (37 - -103))
-18
What is the value of 0 - (22 + 0) - (-749 - (-492 + -360))?
-125
What is 5 + 1 + (-14 - -5) + 0 - 17?
-20
(-91 - -73) + 7 - 18
-29
Evaluate 22 + -6 - (48 - 71).
39
Calculate (-11 + -21 - -18) + 8 + -6 + 2 - -5.
-5
What is (-27 - 2) + -7159 + 7141?
-47
Evaluate (-56 - -49) + (-3 + 4 - 1 - (69 + 1)).
-77
What is the value of -80 - (-24 - (0 - 40) - 43)?
-53
Evaluate 1 + 9 + -24 + (31 - 11) + -1 + 108.
113
-6 + 1 + 7 + -63 + 21 + -15
-55
What is the value of (0 - -33 - (39 - 13)) + (-79 + -1 - 2)?
-75
Evaluate 1 + 2 + (5 - 8) + (662 - 650).
12
What is (8 + 1 - (0 + 118 + (1025 - 981))) + 15?
-138
Evaluate (-36 - 3) + 71 + -2 + -120.
-90
What is the value of -68 - (-59 - (89 - 113))?
-33
Evaluate (-9 - (-1 + -25)) + 0 + -35.
-18
27 - (59 + 3 + -24) - -113
102
25 + 0 - (284 + -159 - 148)
48
What is 38 + (-44 - -49) - 42?
1
60 - 112 - (29 - 109)
28
Evaluate -13 - (16 + -10 + -44) - 59.
-34
1 - -16 - (-6 + -19 - -82)
-40
10 - (-14 - (3 + 13 + -4 + 15))
51
-354 + 285 + (15 - -74)
20
What is the value of 9 - (-55 - -2 - (8 - (-37 + 23)))?
84
Evaluate -147 - 71 - -81 - -65.
-72
Calculate -6 + 0 + (-19 + (-8 - -48 - 17) - 41).
-43
Calculate 8 - 18 - (48 + -7 + (10 - (2 + 2))).
-57
What is the value of 0 - (55 - 89) - 42?
-8
(19 + -13 - 13) + -6 + 12 + -9
-10
(248 - 120) + 147 + -159
116
-10 - (4 - (4 + 